{"id":46,"date":"2020-11-26T16:35:34","date_gmt":"2020-11-26T15:35:34","guid":{"rendered":"http:\/\/cico-traduction.fr\/?page_id=46"},"modified":"2023-10-28T17:22:22","modified_gmt":"2023-10-28T15:22:22","slug":"accueil","status":"publish","type":"page","link":"https:\/\/cico-traduction.fr\/","title":{"rendered":"Accueil"},"content":{"rendered":"<h2>Bienvenue dans notre Boulangerie<\/h2>\n<p><a role=\"button\"><br \/>\nCliquez<br \/>\n<\/a><\/p>\n<h2>Nos Produits<\/h2>\n<p>Une s\u00e9lection aussi vari\u00e9e que d\u00e9licieuse<\/p>\n<p>Laissez-vous tenter<\/p>\n<figure class=\"gallery-item\">\n\t\t\t\t<a data-elementor-open-lightbox=\"yes\" data-elementor-lightbox-slideshow=\"483fa551\" data-elementor-lightbox-title=\"fooodiesfeed.com_sweet-and-salty-brunch.jpg\" e-action-hash=\"#elementor-action%3Aaction%3Dlightbox%26settings%3DeyJpZCI6MjcsInVybCI6Imh0dHBzOlwvXC9jaWNvLXRyYWR1Y3Rpb24uZnJcL3dwLWNvbnRlbnRcL3VwbG9hZHNcLzIwMjBcLzExXC9mb29vZGllc2ZlZWQuY29tX3N3ZWV0LWFuZC1zYWx0eS1icnVuY2guanBnIiwic2xpZGVzaG93IjoiNDgzZmE1NTEifQ%3D%3D\" href=\"https:\/\/cico-traduction.fr\/wp-content\/uploads\/2020\/11\/fooodiesfeed.com_sweet-and-salty-brunch.jpg\"><img loading=\"lazy\" decoding=\"async\" width=\"1024\" height=\"1023\" src=\"https:\/\/cico-traduction.fr\/wp-content\/uploads\/2020\/11\/fooodiesfeed.com_sweet-and-salty-brunch.jpg\" alt=\"\" loading=\"lazy\" srcset=\"https:\/\/cico-traduction.fr\/wp-content\/uploads\/2020\/11\/fooodiesfeed.com_sweet-and-salty-brunch.jpg 1024w, https:\/\/cico-traduction.fr\/wp-content\/uploads\/2020\/11\/fooodiesfeed.com_sweet-and-salty-brunch-300x300.jpg 300w, https:\/\/cico-traduction.fr\/wp-content\/uploads\/2020\/11\/fooodiesfeed.com_sweet-and-salty-brunch-150x150.jpg 150w, https:\/\/cico-traduction.fr\/wp-content\/uploads\/2020\/11\/fooodiesfeed.com_sweet-and-salty-brunch-768x767.jpg 768w\" sizes=\"auto, (max-width: 1024px) 100vw, 1024px\"><\/a><\/figure>\n<figure class=\"gallery-item\">\n\t\t\t\t<a data-elementor-open-lightbox=\"yes\" data-elementor-lightbox-slideshow=\"483fa551\" data-elementor-lightbox-title=\"foodiesfeed.com_Wedding_15-crop.jpg\" e-action-hash=\"#elementor-action%3Aaction%3Dlightbox%26settings%3DeyJpZCI6MjgsInVybCI6Imh0dHBzOlwvXC9jaWNvLXRyYWR1Y3Rpb24uZnJcL3dwLWNvbnRlbnRcL3VwbG9hZHNcLzIwMjBcLzExXC9mb29kaWVzZmVlZC5jb21fV2VkZGluZ18xNS1jcm9wLmpwZyIsInNsaWRlc2hvdyI6IjQ4M2ZhNTUxIn0%3D\" href=\"https:\/\/cico-traduction.fr\/wp-content\/uploads\/2020\/11\/foodiesfeed.com_Wedding_15-crop.jpg\"><img loading=\"lazy\" decoding=\"async\" width=\"683\" height=\"683\" src=\"https:\/\/cico-traduction.fr\/wp-content\/uploads\/2020\/11\/foodiesfeed.com_Wedding_15-crop.jpg\" alt=\"\" loading=\"lazy\" srcset=\"https:\/\/cico-traduction.fr\/wp-content\/uploads\/2020\/11\/foodiesfeed.com_Wedding_15-crop.jpg 683w, https:\/\/cico-traduction.fr\/wp-content\/uploads\/2020\/11\/foodiesfeed.com_Wedding_15-crop-300x300.jpg 300w, https:\/\/cico-traduction.fr\/wp-content\/uploads\/2020\/11\/foodiesfeed.com_Wedding_15-crop-150x150.jpg 150w\" sizes=\"auto, (max-width: 683px) 100vw, 683px\"><\/a><\/figure>\n<figure class=\"gallery-item\">\n\t\t\t\t<a data-elementor-open-lightbox=\"yes\" data-elementor-lightbox-slideshow=\"483fa551\" data-elementor-lightbox-title=\"foodiesfeed.com_Your-Sunny-Side-Up-2-crop.jpg\" e-action-hash=\"#elementor-action%3Aaction%3Dlightbox%26settings%3DeyJpZCI6MjksInVybCI6Imh0dHBzOlwvXC9jaWNvLXRyYWR1Y3Rpb24uZnJcL3dwLWNvbnRlbnRcL3VwbG9hZHNcLzIwMjBcLzExXC9mb29kaWVzZmVlZC5jb21fWW91ci1TdW5ueS1TaWRlLVVwLTItY3JvcC5qcGciLCJzbGlkZXNob3ciOiI0ODNmYTU1MSJ9\" href=\"https:\/\/cico-traduction.fr\/wp-content\/uploads\/2020\/11\/foodiesfeed.com_Your-Sunny-Side-Up-2-crop.jpg\"><img loading=\"lazy\" decoding=\"async\" width=\"683\" height=\"683\" src=\"https:\/\/cico-traduction.fr\/wp-content\/uploads\/2020\/11\/foodiesfeed.com_Your-Sunny-Side-Up-2-crop.jpg\" alt=\"\" loading=\"lazy\" srcset=\"https:\/\/cico-traduction.fr\/wp-content\/uploads\/2020\/11\/foodiesfeed.com_Your-Sunny-Side-Up-2-crop.jpg 683w, https:\/\/cico-traduction.fr\/wp-content\/uploads\/2020\/11\/foodiesfeed.com_Your-Sunny-Side-Up-2-crop-300x300.jpg 300w, https:\/\/cico-traduction.fr\/wp-content\/uploads\/2020\/11\/foodiesfeed.com_Your-Sunny-Side-Up-2-crop-150x150.jpg 150w\" sizes=\"auto, (max-width: 683px) 100vw, 683px\"><\/a><\/figure>\n<figure class=\"gallery-item\">\n\t\t\t\t<a data-elementor-open-lightbox=\"yes\" data-elementor-lightbox-slideshow=\"483fa551\" data-elementor-lightbox-title=\"foodiesfeed.com_traditional-czech-honey-cake-caffee-latte-crop.jpg\" e-action-hash=\"#elementor-action%3Aaction%3Dlightbox%26settings%3DeyJpZCI6MzAsInVybCI6Imh0dHBzOlwvXC9jaWNvLXRyYWR1Y3Rpb24uZnJcL3dwLWNvbnRlbnRcL3VwbG9hZHNcLzIwMjBcLzExXC9mb29kaWVzZmVlZC5jb21fdHJhZGl0aW9uYWwtY3plY2gtaG9uZXktY2FrZS1jYWZmZWUtbGF0dGUtY3JvcC5qcGciLCJzbGlkZXNob3ciOiI0ODNmYTU1MSJ9\" href=\"https:\/\/cico-traduction.fr\/wp-content\/uploads\/2020\/11\/foodiesfeed.com_traditional-czech-honey-cake-caffee-latte-crop.jpg\"><img loading=\"lazy\" decoding=\"async\" width=\"683\" height=\"683\" src=\"https:\/\/cico-traduction.fr\/wp-content\/uploads\/2020\/11\/foodiesfeed.com_traditional-czech-honey-cake-caffee-latte-crop.jpg\" alt=\"\" loading=\"lazy\" srcset=\"https:\/\/cico-traduction.fr\/wp-content\/uploads\/2020\/11\/foodiesfeed.com_traditional-czech-honey-cake-caffee-latte-crop.jpg 683w, https:\/\/cico-traduction.fr\/wp-content\/uploads\/2020\/11\/foodiesfeed.com_traditional-czech-honey-cake-caffee-latte-crop-300x300.jpg 300w, https:\/\/cico-traduction.fr\/wp-content\/uploads\/2020\/11\/foodiesfeed.com_traditional-czech-honey-cake-caffee-latte-crop-150x150.jpg 150w\" sizes=\"auto, (max-width: 683px) 100vw, 683px\"><\/a><\/figure>\n<figure class=\"gallery-item\">\n\t\t\t\t<a data-elementor-open-lightbox=\"yes\" data-elementor-lightbox-slideshow=\"483fa551\" data-elementor-lightbox-title=\"foodiesfeed.com_homemade-pizza-crop.jpg\" e-action-hash=\"#elementor-action%3Aaction%3Dlightbox%26settings%3DeyJpZCI6MzEsInVybCI6Imh0dHBzOlwvXC9jaWNvLXRyYWR1Y3Rpb24uZnJcL3dwLWNvbnRlbnRcL3VwbG9hZHNcLzIwMjBcLzExXC9mb29kaWVzZmVlZC5jb21faG9tZW1hZGUtcGl6emEtY3JvcC5qcGciLCJzbGlkZXNob3ciOiI0ODNmYTU1MSJ9\" href=\"https:\/\/cico-traduction.fr\/wp-content\/uploads\/2020\/11\/foodiesfeed.com_homemade-pizza-crop.jpg\"><img loading=\"lazy\" decoding=\"async\" width=\"683\" height=\"683\" src=\"https:\/\/cico-traduction.fr\/wp-content\/uploads\/2020\/11\/foodiesfeed.com_homemade-pizza-crop.jpg\" alt=\"\" loading=\"lazy\" srcset=\"https:\/\/cico-traduction.fr\/wp-content\/uploads\/2020\/11\/foodiesfeed.com_homemade-pizza-crop.jpg 683w, https:\/\/cico-traduction.fr\/wp-content\/uploads\/2020\/11\/foodiesfeed.com_homemade-pizza-crop-300x300.jpg 300w, https:\/\/cico-traduction.fr\/wp-content\/uploads\/2020\/11\/foodiesfeed.com_homemade-pizza-crop-150x150.jpg 150w\" sizes=\"auto, (max-width: 683px) 100vw, 683px\"><\/a><\/figure>\n<figure class=\"gallery-item\">\n\t\t\t\t<a data-elementor-open-lightbox=\"yes\" data-elementor-lightbox-slideshow=\"483fa551\" data-elementor-lightbox-title=\"foodiesfeed.com_homemade-waffles-with-coffee.jpg\" e-action-hash=\"#elementor-action%3Aaction%3Dlightbox%26settings%3DeyJpZCI6MzIsInVybCI6Imh0dHBzOlwvXC9jaWNvLXRyYWR1Y3Rpb24uZnJcL3dwLWNvbnRlbnRcL3VwbG9hZHNcLzIwMjBcLzExXC9mb29kaWVzZmVlZC5jb21faG9tZW1hZGUtd2FmZmxlcy13aXRoLWNvZmZlZS5qcGciLCJzbGlkZXNob3ciOiI0ODNmYTU1MSJ9\" href=\"https:\/\/cico-traduction.fr\/wp-content\/uploads\/2020\/11\/foodiesfeed.com_homemade-waffles-with-coffee.jpg\"><img loading=\"lazy\" decoding=\"async\" width=\"1053\" height=\"1053\" src=\"https:\/\/cico-traduction.fr\/wp-content\/uploads\/2020\/11\/foodiesfeed.com_homemade-waffles-with-coffee.jpg\" alt=\"\" loading=\"lazy\" srcset=\"https:\/\/cico-traduction.fr\/wp-content\/uploads\/2020\/11\/foodiesfeed.com_homemade-waffles-with-coffee.jpg 1053w, https:\/\/cico-traduction.fr\/wp-content\/uploads\/2020\/11\/foodiesfeed.com_homemade-waffles-with-coffee-300x300.jpg 300w, https:\/\/cico-traduction.fr\/wp-content\/uploads\/2020\/11\/foodiesfeed.com_homemade-waffles-with-coffee-1024x1024.jpg 1024w, https:\/\/cico-traduction.fr\/wp-content\/uploads\/2020\/11\/foodiesfeed.com_homemade-waffles-with-coffee-150x150.jpg 150w, https:\/\/cico-traduction.fr\/wp-content\/uploads\/2020\/11\/foodiesfeed.com_homemade-waffles-with-coffee-768x768.jpg 768w\" sizes=\"auto, (max-width: 1053px) 100vw, 1053px\"><\/a><\/figure>\n<h2>Passez nous voir<\/h2>\n<ul>\n<li>\n\t\t\t\t\t\t\t\t\t\tChamp de Mars, 5 Avenue Anatole France, 75007 Paris, France<\/li>\n<li>\n\t\t\t\t\t\t\t\t\t\treservation@domain.com<\/li>\n<li>\n\t\t\t\t\t\t\t\t\t\t(+33) 1 23 45 67 89<\/li>\n<\/ul>\n<p><iframe frameborder=\"0\" scrolling=\"no\" marginheight=\"0\" marginwidth=\"0\" src=\"https:\/\/maps.google.com\/maps?q=Tour%20Eiffel%2C%20Paris&amp;t=m&amp;z=10&amp;output=embed&amp;iwloc=near\" title=\"Tour Eiffel, Paris\" aria-label=\"Tour Eiffel, Paris\"><\/iframe><\/p>\n<p>Image Sources: <a href=\"https:\/\/foodiesfeed.com\">foodiesfeed<\/a>, <a href=\"http:\/\/www.wocintechchat.com\">WOCinTechChat<\/a>, <a href=\"http:\/\/www.graphberry.com\/item\/3-vintage-vector-logo-insignias\">GraphBerry<\/a><\/p>\n","protected":false},"excerpt":{"rendered":"<p>Bienvenue dans notre Boulangerie Cliquez Nos Produits Une s\u00e9lection aussi vari\u00e9e que d\u00e9licieuse Laissez-vous tenter Passez nous voir Champ de Mars, 5 Avenue Anatole France, 75007 Paris, France reservation@domain.com (+33) 1 23 45 67 89 Image Sources: foodiesfeed, WOCinTechChat, GraphBerry<\/p>\n","protected":false},"author":1,"featured_media":0,"parent":0,"menu_order":0,"comment_status":"closed","ping_status":"closed","template":"","meta":{"footnotes":""},"class_list":["post-46","page","type-page","status-publish","hentry","entry"],"jetpack_sharing_enabled":true,"_links":{"self":[{"href":"https:\/\/cico-traduction.fr\/index.php?rest_route=\/wp\/v2\/pages\/46","targetHints":{"allow":["GET"]}}],"collection":[{"href":"https:\/\/cico-traduction.fr\/index.php?rest_route=\/wp\/v2\/pages"}],"about":[{"href":"https:\/\/cico-traduction.fr\/index.php?rest_route=\/wp\/v2\/types\/page"}],"author":[{"embeddable":true,"href":"https:\/\/cico-traduction.fr\/index.php?rest_route=\/wp\/v2\/users\/1"}],"replies":[{"embeddable":true,"href":"https:\/\/cico-traduction.fr\/index.php?rest_route=%2Fwp%2Fv2%2Fcomments&post=46"}],"version-history":[{"count":46,"href":"https:\/\/cico-traduction.fr\/index.php?rest_route=\/wp\/v2\/pages\/46\/revisions"}],"predecessor-version":[{"id":227,"href":"https:\/\/cico-traduction.fr\/index.php?rest_route=\/wp\/v2\/pages\/46\/revisions\/227"}],"wp:attachment":[{"href":"https:\/\/cico-traduction.fr\/index.php?rest_route=%2Fwp%2Fv2%2Fmedia&parent=46"}],"curies":[{"name":"wp","href":"https:\/\/api.w.org\/{rel}","templated":true}]}}